{"id":64,"date":"2019-02-26T19:24:53","date_gmt":"2019-02-26T18:24:53","guid":{"rendered":"http:\/\/www.cj44.de\/wordpress\/?page_id=64"},"modified":"2019-03-06T12:53:58","modified_gmt":"2019-03-06T11:53:58","slug":"anfahrt","status":"publish","type":"page","link":"https:\/\/www.autogalerienader.de\/index.php\/anfahrt\/","title":{"rendered":"Anfahrt"},"content":{"rendered":"\n<p style=\"font-size:24px\"><strong>SO FINDEN SIE UNS<\/strong><\/p>\n\n\n\n<iframe src=\"https:\/\/maps.google.com\/maps?width=700&amp;height=440&amp;hl=en&amp;q=wandsbeker%20zollstr.%20157%2C%2022041%20hamburg+(Autogalerie%20Nader)&amp;ie=UTF8&amp;t=&amp;z=15&amp;iwloc=B&amp;output=embed\" style=\"width:700px; height:400px;\nborder-width:0px;\nborder-color:#990033; \nborder-style:solid;\" scrolling=\"auto\">\n<\/iframe>\n\n\n\n<p>Mit dem Fahrzeug:<br>\u2013 Aus dem Norden (West) A7\/A23: AS-Stellingen, Richtung City-Nord, dem Ring 2 folgen, links auf die B75 Richtung L\u00fcbeck.<br>\u2013 Aus dem Norden (Ost) A1\/A24: AS-Jenfeld, Richtung Rahlstedt, links Richtung Wandsbek (Rodigallee), rechts in Holstenhofweg, links auf B75 Richtung Zentrum.<br>\u2013 Aus dem S\u00fcden A7 \/ A1: Richtung HH-Zentrum, Elbbr\u00fccken, der B75 Richtung L\u00fcbeck folgen.<br><\/p>\n\n\n\n<p>Mit \u00f6ffentlichen Verkehrsmitteln:<br>U1 bis Wandsbek Markt, dann HVV Linie 9 bis Holzm\u00fchlenstra\u00dfe.<\/p>\n\n\n\n<hr style=\"border: 0; height: 3px; background-image: linear-gradient(to right, rgba(0, 0, 0, 0), rgba(255, 0, 0, 0.75), rgba(0, 0, 0, 0));\">\n\n\n\n<p><strong>\u00d6FFNUNGSZEITEN  <\/strong>Montag-Freitag: 9:00 \u2013 19:00 \u2022 Samstag: 10:00 \u2013 16:30 Uhr<br><strong>ADRESSE <\/strong> Wandsbeker Zollstra\u00dfe 157-159 \u2022 22041 Hamburg<br><strong>TEL:<\/strong> +49 (0)40 657 22 96 \u2022 +49 (0)40 32 51 13 24  <strong>FAX:<\/strong> +49 (0)40 32 51 13 23<br><strong>MOBIL: <\/strong>+49 (0)176 82 08 66 88 \u2022 +49 (0)173 874 23 51<\/p>\n\n\n\n<p><a href=\"mailto: info@autogalerienader.de\">info@autogalerienader.de<\/a><\/p>\n","protected":false},"excerpt":{"rendered":"<p>SO FINDEN SIE UNS Mit dem Fahrzeug:\u2013 Aus dem Norden (West) A7\/A23: AS-Stellingen, Richtung City-Nord, dem Ring 2 folgen, links auf die B75 Richtung L\u00fcbeck.\u2013 Aus dem Norden (Ost) A1\/A24: AS-Jenfeld, Richtung Rahlstedt, links Richtung Wandsbek (Rodigallee), rechts in Holstenhofweg, links auf B75 Richtung Zentrum.\u2013 Aus dem S\u00fcden A7 \/ A1: Richtung HH-Zentrum, Elbbr\u00fccken, der [&hellip;]<\/p>\n","protected":false},"author":1,"featured_media":0,"parent":0,"menu_order":0,"comment_status":"closed","ping_status":"closed","template":"","meta":{"footnotes":""},"class_list":["post-64","page","type-page","status-publish","hentry"],"_links":{"self":[{"href":"https:\/\/www.autogalerienader.de\/index.php\/wp-json\/wp\/v2\/pages\/64","targetHints":{"allow":["GET"]}}],"collection":[{"href":"https:\/\/www.autogalerienader.de\/index.php\/wp-json\/wp\/v2\/pages"}],"about":[{"href":"https:\/\/www.autogalerienader.de\/index.php\/wp-json\/wp\/v2\/types\/page"}],"author":[{"embeddable":true,"href":"https:\/\/www.autogalerienader.de\/index.php\/wp-json\/wp\/v2\/users\/1"}],"replies":[{"embeddable":true,"href":"https:\/\/www.autogalerienader.de\/index.php\/wp-json\/wp\/v2\/comments?post=64"}],"version-history":[{"count":17,"href":"https:\/\/www.autogalerienader.de\/index.php\/wp-json\/wp\/v2\/pages\/64\/revisions"}],"predecessor-version":[{"id":267,"href":"https:\/\/www.autogalerienader.de\/index.php\/wp-json\/wp\/v2\/pages\/64\/revisions\/267"}],"wp:attachment":[{"href":"https:\/\/www.autogalerienader.de\/index.php\/wp-json\/wp\/v2\/media?parent=64"}],"curies":[{"name":"wp","href":"https:\/\/api.w.org\/{rel}","templated":true}]}}